{"id":9,"date":"2026-02-25T17:50:22","date_gmt":"2026-02-25T17:50:22","guid":{"rendered":"https:\/\/www.olejownia.pl\/index.php\/front_page\/"},"modified":"2026-03-27T21:26:43","modified_gmt":"2026-03-27T21:26:43","slug":"olejownia-gospodarstwo-rolne","status":"publish","type":"page","link":"https:\/\/www.olejownia.pl\/","title":{"rendered":"Home"},"content":{"rendered":"\n\n\n\n\n\n\n\n\n\n\n\n\n\n\n\n\n\n","protected":false},"excerpt":{"rendered":"","protected":false},"author":1,"featured_media":0,"parent":0,"menu_order":0,"comment_status":"closed","ping_status":"closed","template":"","meta":{"saved_in_kubio":true,"footnotes":""},"class_list":["post-9","page","type-page","status-publish","hentry"],"kubio_ai_page_context":{"short_desc":"","purpose":"general","isFrontPage":true},"yoast_head":"<!-- This site is optimized with the Yoast SEO plugin v27.3 - https:\/\/yoast.com\/product\/yoast-seo-wordpress\/ -->\n<title>OLEJOWNIA Gospodarstwo Rolne Kisielewskich Oleje t\u0142oczone na zimno<\/title>\n<meta name=\"description\" content=\"Olejownia Gospodarstwo Rolne Kisielewskich z Lubelszczyzny, r\u0119czna manufaktura kontynuowana od pokole\u0144. Olej Na\u0142\u0119cz\u00f3w - Olej Lublin - Olej Lubelskie - Zdrowy Olej Lubelskie - Lublin Olej\" \/>\n<meta name=\"robots\" content=\"index, follow, max-snippet:-1, max-image-preview:large, max-video-preview:-1\" \/>\n<link rel=\"canonical\" href=\"https:\/\/www.olejownia.pl\/\" \/>\n<meta property=\"og:locale\" content=\"pl_PL\" \/>\n<meta property=\"og:type\" content=\"article\" \/>\n<meta property=\"og:title\" content=\"OLEJOWNIA Gospodarstwo Rolne Kisielewskich Oleje t\u0142oczone na zimno\" \/>\n<meta property=\"og:description\" content=\"Olejownia Gospodarstwo Rolne Kisielewskich z Lubelszczyzny, r\u0119czna manufaktura kontynuowana od pokole\u0144. Olej Na\u0142\u0119cz\u00f3w - Olej Lublin - Olej Lubelskie - Zdrowy Olej Lubelskie - Lublin Olej\" \/>\n<meta property=\"og:url\" content=\"https:\/\/www.olejownia.pl\/\" \/>\n<meta property=\"og:site_name\" content=\"OLEJOWNIA Gospodarstwo Rolne Kisielewskich\" \/>\n<meta property=\"article:modified_time\" content=\"2026-03-27T21:26:43+00:00\" \/>\n<meta name=\"twitter:card\" content=\"summary_large_image\" \/>\n<script type=\"application\/ld+json\" class=\"yoast-schema-graph\">{\"@context\":\"https:\\\/\\\/schema.org\",\"@graph\":[{\"@type\":\"WebPage\",\"@id\":\"https:\\\/\\\/www.olejownia.pl\\\/\",\"url\":\"https:\\\/\\\/www.olejownia.pl\\\/\",\"name\":\"OLEJOWNIA Gospodarstwo Rolne Kisielewskich Oleje t\u0142oczone na zimno\",\"isPartOf\":{\"@id\":\"https:\\\/\\\/www.olejownia.pl\\\/#website\"},\"datePublished\":\"2026-02-25T17:50:22+00:00\",\"dateModified\":\"2026-03-27T21:26:43+00:00\",\"description\":\"Olejownia Gospodarstwo Rolne Kisielewskich z Lubelszczyzny, r\u0119czna manufaktura kontynuowana od pokole\u0144. Olej Na\u0142\u0119cz\u00f3w - Olej Lublin - Olej Lubelskie - Zdrowy Olej Lubelskie - Lublin Olej\",\"breadcrumb\":{\"@id\":\"https:\\\/\\\/www.olejownia.pl\\\/#breadcrumb\"},\"inLanguage\":\"pl-PL\",\"potentialAction\":[{\"@type\":\"ReadAction\",\"target\":[\"https:\\\/\\\/www.olejownia.pl\\\/\"]}]},{\"@type\":\"BreadcrumbList\",\"@id\":\"https:\\\/\\\/www.olejownia.pl\\\/#breadcrumb\",\"itemListElement\":[{\"@type\":\"ListItem\",\"position\":1,\"name\":\"Strona g\u0142\u00f3wna\",\"item\":\"https:\\\/\\\/www.olejownia.pl\\\/\"},{\"@type\":\"ListItem\",\"position\":2,\"name\":\"Home\"}]},{\"@type\":\"WebSite\",\"@id\":\"https:\\\/\\\/www.olejownia.pl\\\/#website\",\"url\":\"https:\\\/\\\/www.olejownia.pl\\\/\",\"name\":\"OLEJOWNIA Gospodarstwo Rolne Kisielewskich\",\"description\":\"Oleje ro\u015blinne t\u0142oczone na zimno z tradycj\u0105 od lat\",\"potentialAction\":[{\"@type\":\"SearchAction\",\"target\":{\"@type\":\"EntryPoint\",\"urlTemplate\":\"https:\\\/\\\/www.olejownia.pl\\\/?s={search_term_string}\"},\"query-input\":{\"@type\":\"PropertyValueSpecification\",\"valueRequired\":true,\"valueName\":\"search_term_string\"}}],\"inLanguage\":\"pl-PL\"}]}<\/script>\n<!-- \/ Yoast SEO plugin. -->","yoast_head_json":{"title":"OLEJOWNIA Gospodarstwo Rolne Kisielewskich Oleje t\u0142oczone na zimno","description":"Olejownia Gospodarstwo Rolne Kisielewskich z Lubelszczyzny, r\u0119czna manufaktura kontynuowana od pokole\u0144. Olej Na\u0142\u0119cz\u00f3w - Olej Lublin - Olej Lubelskie - Zdrowy Olej Lubelskie - Lublin Olej","robots":{"index":"index","follow":"follow","max-snippet":"max-snippet:-1","max-image-preview":"max-image-preview:large","max-video-preview":"max-video-preview:-1"},"canonical":"https:\/\/www.olejownia.pl\/","og_locale":"pl_PL","og_type":"article","og_title":"OLEJOWNIA Gospodarstwo Rolne Kisielewskich Oleje t\u0142oczone na zimno","og_description":"Olejownia Gospodarstwo Rolne Kisielewskich z Lubelszczyzny, r\u0119czna manufaktura kontynuowana od pokole\u0144. Olej Na\u0142\u0119cz\u00f3w - Olej Lublin - Olej Lubelskie - Zdrowy Olej Lubelskie - Lublin Olej","og_url":"https:\/\/www.olejownia.pl\/","og_site_name":"OLEJOWNIA Gospodarstwo Rolne Kisielewskich","article_modified_time":"2026-03-27T21:26:43+00:00","twitter_card":"summary_large_image","schema":{"@context":"https:\/\/schema.org","@graph":[{"@type":"WebPage","@id":"https:\/\/www.olejownia.pl\/","url":"https:\/\/www.olejownia.pl\/","name":"OLEJOWNIA Gospodarstwo Rolne Kisielewskich Oleje t\u0142oczone na zimno","isPartOf":{"@id":"https:\/\/www.olejownia.pl\/#website"},"datePublished":"2026-02-25T17:50:22+00:00","dateModified":"2026-03-27T21:26:43+00:00","description":"Olejownia Gospodarstwo Rolne Kisielewskich z Lubelszczyzny, r\u0119czna manufaktura kontynuowana od pokole\u0144. Olej Na\u0142\u0119cz\u00f3w - Olej Lublin - Olej Lubelskie - Zdrowy Olej Lubelskie - Lublin Olej","breadcrumb":{"@id":"https:\/\/www.olejownia.pl\/#breadcrumb"},"inLanguage":"pl-PL","potentialAction":[{"@type":"ReadAction","target":["https:\/\/www.olejownia.pl\/"]}]},{"@type":"BreadcrumbList","@id":"https:\/\/www.olejownia.pl\/#breadcrumb","itemListElement":[{"@type":"ListItem","position":1,"name":"Strona g\u0142\u00f3wna","item":"https:\/\/www.olejownia.pl\/"},{"@type":"ListItem","position":2,"name":"Home"}]},{"@type":"WebSite","@id":"https:\/\/www.olejownia.pl\/#website","url":"https:\/\/www.olejownia.pl\/","name":"OLEJOWNIA Gospodarstwo Rolne Kisielewskich","description":"Oleje ro\u015blinne t\u0142oczone na zimno z tradycj\u0105 od lat","potentialAction":[{"@type":"SearchAction","target":{"@type":"EntryPoint","urlTemplate":"https:\/\/www.olejownia.pl\/?s={search_term_string}"},"query-input":{"@type":"PropertyValueSpecification","valueRequired":true,"valueName":"search_term_string"}}],"inLanguage":"pl-PL"}]}},"_links":{"self":[{"href":"https:\/\/www.olejownia.pl\/index.php\/wp-json\/wp\/v2\/pages\/9","targetHints":{"allow":["GET"]}}],"collection":[{"href":"https:\/\/www.olejownia.pl\/index.php\/wp-json\/wp\/v2\/pages"}],"about":[{"href":"https:\/\/www.olejownia.pl\/index.php\/wp-json\/wp\/v2\/types\/page"}],"author":[{"embeddable":true,"href":"https:\/\/www.olejownia.pl\/index.php\/wp-json\/wp\/v2\/users\/1"}],"replies":[{"embeddable":true,"href":"https:\/\/www.olejownia.pl\/index.php\/wp-json\/wp\/v2\/comments?post=9"}],"version-history":[{"count":53,"href":"https:\/\/www.olejownia.pl\/index.php\/wp-json\/wp\/v2\/pages\/9\/revisions"}],"predecessor-version":[{"id":543,"href":"https:\/\/www.olejownia.pl\/index.php\/wp-json\/wp\/v2\/pages\/9\/revisions\/543"}],"wp:attachment":[{"href":"https:\/\/www.olejownia.pl\/index.php\/wp-json\/wp\/v2\/media?parent=9"}],"curies":[{"name":"wp","href":"https:\/\/api.w.org\/{rel}","templated":true}]}}